{"id":64,"date":"2024-01-09T22:32:46","date_gmt":"2024-01-09T21:32:46","guid":{"rendered":"https:\/\/closdumurier.fr\/?page_id=64"},"modified":"2025-07-04T11:23:13","modified_gmt":"2025-07-04T09:23:13","slug":"accueil","status":"publish","type":"page","link":"https:\/\/closdumurier.fr\/","title":{"rendered":"Accueil"},"content":{"rendered":"\t\t<div data-elementor-type=\"wp-page\" data-elementor-id=\"64\" class=\"elementor elementor-64\">\n\t\t\t\t<div class=\"elementor-element elementor-element-33a0900 e-flex e-con-boxed e-con e-parent\" data-id=\"33a0900\" data-element_type=\"container\">\n\t\t\t\t\t<div class=\"e-con-inner\">\n\t\t\t\t<div class=\"elementor-element elementor-element-78b1b90 elementor-widget elementor-widget-button\" data-id=\"78b1b90\" data-element_type=\"widget\" data-widget_type=\"button.default\">\n\t\t\t\t<div class=\"elementor-widget-container\">\n\t\t\t\t\t\t\t\t\t<div class=\"elementor-button-wrapper\">\n\t\t\t\t\t<a class=\"elementor-button elementor-button-link elementor-size-lg\" href=\"https:\/\/closdumurier.fr\/?page_id=9\">\n\t\t\t\t\t\t<span class=\"elementor-button-content-wrapper\">\n\t\t\t\t\t\t\t\t\t<span class=\"elementor-button-text\">R\u00e9server<\/span>\n\t\t\t\t\t<\/span>\n\t\t\t\t\t<\/a>\n\t\t\t\t<\/div>\n\t\t\t\t\t\t\t\t<\/div>\n\t\t\t\t<\/div>\n\t\t\t\t<div class=\"elementor-element elementor-element-4fe5ece elementor-widget elementor-widget-heading\" data-id=\"4fe5ece\" data-element_type=\"widget\" data-widget_type=\"heading.default\">\n\t\t\t\t<div class=\"elementor-widget-container\">\n\t\t\t\t\t<h2 class=\"elementor-heading-title elementor-size-default\">90\u20ac \/ Nuit\u00e9e (petit d\u00e9jeuner inclus)<\/h2>\t\t\t\t<\/div>\n\t\t\t\t<\/div>\n\t\t\t\t\t<\/div>\n\t\t\t\t<\/div>\n\t\t<div class=\"elementor-element elementor-element-44a2a08 e-flex e-con-boxed e-con e-parent\" data-id=\"44a2a08\" data-element_type=\"container\">\n\t\t\t\t\t<div class=\"e-con-inner\">\n\t\t<div class=\"elementor-element elementor-element-a0b46be e-con-full e-flex e-con e-child\" data-id=\"a0b46be\" data-element_type=\"container\">\n\t\t\t\t<div class=\"elementor-element elementor-element-8babd59 elementor-invisible elementor-widget elementor-widget-image\" data-id=\"8babd59\" data-element_type=\"widget\" data-settings=\"{&quot;_animation&quot;:&quot;fadeInLeft&quot;}\" data-widget_type=\"image.default\">\n\t\t\t\t<div class=\"elementor-widget-container\">\n\t\t\t\t\t\t\t\t\t\t\t\t\t\t\t<img fetchpriority=\"high\" decoding=\"async\" width=\"1024\" height=\"768\" src=\"https:\/\/closdumurier.fr\/wp-content\/uploads\/2024\/01\/20210423_124635-1024x768.jpg\" class=\"attachment-large size-large wp-image-96\" alt=\"\" srcset=\"https:\/\/closdumurier.fr\/wp-content\/uploads\/2024\/01\/20210423_124635-1024x768.jpg 1024w, https:\/\/closdumurier.fr\/wp-content\/uploads\/2024\/01\/20210423_124635-300x225.jpg 300w, https:\/\/closdumurier.fr\/wp-content\/uploads\/2024\/01\/20210423_124635-768x576.jpg 768w, https:\/\/closdumurier.fr\/wp-content\/uploads\/2024\/01\/20210423_124635-1536x1152.jpg 1536w, https:\/\/closdumurier.fr\/wp-content\/uploads\/2024\/01\/20210423_124635-2048x1536.jpg 2048w\" sizes=\"(max-width: 1024px) 100vw, 1024px\" \/>\t\t\t\t\t\t\t\t\t\t\t\t\t\t\t<\/div>\n\t\t\t\t<\/div>\n\t\t\t\t<\/div>\n\t\t<div class=\"elementor-element elementor-element-ec374a1 e-con-full e-flex e-con e-child\" data-id=\"ec374a1\" data-element_type=\"container\">\n\t\t\t\t<div class=\"elementor-element elementor-element-e32a7d5 elementor-widget elementor-widget-text-editor\" data-id=\"e32a7d5\" data-element_type=\"widget\" data-widget_type=\"text-editor.default\">\n\t\t\t\t<div class=\"elementor-widget-container\">\n\t\t\t\t\t\t\t\t\t<p><strong>Direction le Sud Ouest\u00a0! Bienvenu au CLOS DU MURIER. Sur la commune de Fongrave, dans le Lot et Garonne, la maison est entour\u00e9e de pruniers, de tournesols et d&rsquo;un \u00a0magnifique murier \u00e2g\u00e9 de 150 ans!<\/strong><\/p><p>Le Clos du Murier est \u00e0 20 min de Villeneuve-sur-Lot, pr\u00e8s du circuit des bastides moyen\u00e2geuses, entre le P\u00e9rigord et la Gascogne. Notre maison de ma\u00eetre, datant du XIXe si\u00e8cle, abrite cinq chambres d\u2019h\u00f4tes raffin\u00e9es, aux poutres apparentes, au parquet massif et aux murs de pierres blanches. Ici, discr\u00e9tion et convivialit\u00e9 sont les mots d\u2019ordre. Pour votre s\u00e9r\u00e9nit\u00e9, un petit d\u00e9jeuner gourmand vous sera servi chaque matin. \u00c0 l\u2019ext\u00e9rieur, la piscine (ouverte en saison) vous invite \u00e0 de bonnes baignades estivales et les nombreuses terrasses \u00e0 des siestes bien m\u00e9rit\u00e9es. Le Clos du Murier est parfait comme lieu de d\u00e9part de vos excursions. D\u00e9couvrez les ch\u00e2teaux, les bastides m\u00e9di\u00e9vales, les fermes, les bonnes tables et le patrimoine de la r\u00e9gion.<\/p><p>Que vous soyez de passage pour une nuit, ou plus, vous serez les bienvenus\u00a0!<\/p><p>Vos h\u00f4tes sauront vous r\u00e9server un accueil chaleureux et bienveillant. Tous les conseils vous seront donn\u00e9s afin de visiter au mieux cette magnifique r\u00e9gion.<\/p>\t\t\t\t\t\t\t\t<\/div>\n\t\t\t\t<\/div>\n\t\t\t\t<\/div>\n\t\t\t\t\t<\/div>\n\t\t\t\t<\/div>\n\t\t<div class=\"elementor-element elementor-element-1961761 e-flex e-con-boxed e-con e-parent\" data-id=\"1961761\" data-element_type=\"container\">\n\t\t\t\t\t<div class=\"e-con-inner\">\n\t\t<div class=\"elementor-element elementor-element-31f8c39 e-con-full e-flex e-con e-child\" data-id=\"31f8c39\" data-element_type=\"container\">\n\t\t\t\t<div class=\"elementor-element elementor-element-b28846a elementor-invisible elementor-widget elementor-widget-image\" data-id=\"b28846a\" data-element_type=\"widget\" data-settings=\"{&quot;_animation&quot;:&quot;fadeInRight&quot;}\" data-widget_type=\"image.default\">\n\t\t\t\t<div class=\"elementor-widget-container\">\n\t\t\t\t\t\t\t\t\t\t\t\t\t\t\t<img decoding=\"async\" width=\"1024\" height=\"768\" src=\"https:\/\/closdumurier.fr\/wp-content\/uploads\/2024\/01\/20220628_183020-1024x768.jpg\" class=\"attachment-large size-large wp-image-97\" alt=\"\" srcset=\"https:\/\/closdumurier.fr\/wp-content\/uploads\/2024\/01\/20220628_183020-1024x768.jpg 1024w, https:\/\/closdumurier.fr\/wp-content\/uploads\/2024\/01\/20220628_183020-300x225.jpg 300w, https:\/\/closdumurier.fr\/wp-content\/uploads\/2024\/01\/20220628_183020-768x576.jpg 768w, https:\/\/closdumurier.fr\/wp-content\/uploads\/2024\/01\/20220628_183020-1536x1152.jpg 1536w, https:\/\/closdumurier.fr\/wp-content\/uploads\/2024\/01\/20220628_183020-2048x1536.jpg 2048w\" sizes=\"(max-width: 1024px) 100vw, 1024px\" \/>\t\t\t\t\t\t\t\t\t\t\t\t\t\t\t<\/div>\n\t\t\t\t<\/div>\n\t\t\t\t<\/div>\n\t\t<div class=\"elementor-element elementor-element-bc52332 e-con-full e-flex e-con e-child\" data-id=\"bc52332\" data-element_type=\"container\">\n\t\t\t\t<div class=\"elementor-element elementor-element-42b3553 elementor-widget elementor-widget-text-editor\" data-id=\"42b3553\" data-element_type=\"widget\" data-widget_type=\"text-editor.default\">\n\t\t\t\t<div class=\"elementor-widget-container\">\n\t\t\t\t\t\t\t\t\t<p>En saison, vous pourrez profiter de la tr\u00e8s belle piscine au sel pour vous rafraichir et passer de longs moments de d\u00e9tente.<\/p><p>Cach\u00e9e des regards indiscrets par son superbe mur en pierre d\u2019origine, vestige de l\u2019ancienne grange, vous pourrez pleinement vous reposer.<\/p><p>Dot\u00e9e d\u2019une plage et transats, tout est fait pour vous inviter \u00e0 la relaxation.<\/p><p>\u00a0<\/p><p>Vous pourrez \u00e9galement profiter d\u2019un jardin agr\u00e9able (plus d\u2019un hectare), dot\u00e9 de diverses terrasses vous invitant au farniente.<\/p><p>Un parking gratuit et priv\u00e9 est \u00e0 votre disposition.<\/p>\t\t\t\t\t\t\t\t<\/div>\n\t\t\t\t<\/div>\n\t\t\t\t<\/div>\n\t\t\t\t\t<\/div>\n\t\t\t\t<\/div>\n\t\t<div class=\"elementor-element elementor-element-2a3e520 e-flex e-con-boxed e-con e-parent\" data-id=\"2a3e520\" data-element_type=\"container\">\n\t\t\t\t\t<div class=\"e-con-inner\">\n\t\t<div class=\"elementor-element elementor-element-4f51f64 e-con-full e-flex e-con e-child\" data-id=\"4f51f64\" data-element_type=\"container\">\n\t\t\t\t<div class=\"elementor-element elementor-element-92856c9 elementor-invisible elementor-widget elementor-widget-image\" data-id=\"92856c9\" data-element_type=\"widget\" data-settings=\"{&quot;_animation&quot;:&quot;fadeInLeft&quot;}\" data-widget_type=\"image.default\">\n\t\t\t\t<div class=\"elementor-widget-container\">\n\t\t\t\t\t\t\t\t\t\t\t\t\t\t\t<img decoding=\"async\" width=\"1024\" height=\"768\" src=\"https:\/\/closdumurier.fr\/wp-content\/uploads\/2024\/01\/IMG_20240115_203830-1024x768.jpg\" class=\"attachment-large size-large wp-image-173\" alt=\"\" srcset=\"https:\/\/closdumurier.fr\/wp-content\/uploads\/2024\/01\/IMG_20240115_203830-1024x768.jpg 1024w, https:\/\/closdumurier.fr\/wp-content\/uploads\/2024\/01\/IMG_20240115_203830-300x225.jpg 300w, https:\/\/closdumurier.fr\/wp-content\/uploads\/2024\/01\/IMG_20240115_203830-768x576.jpg 768w, https:\/\/closdumurier.fr\/wp-content\/uploads\/2024\/01\/IMG_20240115_203830-1536x1152.jpg 1536w, https:\/\/closdumurier.fr\/wp-content\/uploads\/2024\/01\/IMG_20240115_203830-2048x1536.jpg 2048w\" sizes=\"(max-width: 1024px) 100vw, 1024px\" \/>\t\t\t\t\t\t\t\t\t\t\t\t\t\t\t<\/div>\n\t\t\t\t<\/div>\n\t\t\t\t<\/div>\n\t\t<div class=\"elementor-element elementor-element-740ccc2 e-con-full e-flex e-con e-child\" data-id=\"740ccc2\" data-element_type=\"container\">\n\t\t\t\t<div class=\"elementor-element elementor-element-dad445f elementor-widget elementor-widget-text-editor\" data-id=\"dad445f\" data-element_type=\"widget\" data-widget_type=\"text-editor.default\">\n\t\t\t\t<div class=\"elementor-widget-container\">\n\t\t\t\t\t\t\t\t\t<p>Inclus dans le prix des chambres, un petit d\u00e9jeuner buffet sera \u00e0 votre disposition chaque matin entre 7h30 et 9h30.<\/p><p>Produits faits maison et locaux vous seront servis\u00a0: fruits de saison, fraises du Lot et Garonne, yaourts faits maison, lait frais bio de la ferme des angiroux (Monbahus), pain fait maison avec les farines en direct des fermes lot et garonnaises, viennoiseries, confitures faits maison avec les figues du jardin et les fraises du d\u00e9partement, p\u00e2tisseries fait maison, jus de pomme artisanal de la ferme les vergers de roussel \u00e0 Fongrave, beurre de barate artisanal et local, caf\u00e9 en grains \u00e0 moudre, th\u00e9s de qualit\u00e9\u2026<\/p>\t\t\t\t\t\t\t\t<\/div>\n\t\t\t\t<\/div>\n\t\t\t\t<\/div>\n\t\t\t\t\t<\/div>\n\t\t\t\t<\/div>\n\t\t<div class=\"elementor-element elementor-element-35bec44 e-flex e-con-boxed e-con e-parent\" data-id=\"35bec44\" data-element_type=\"container\">\n\t\t\t\t\t<div class=\"e-con-inner\">\n\t\t\t\t\t<\/div>\n\t\t\t\t<\/div>\n\t\t\t\t<\/div>\n\t\t","protected":false},"excerpt":{"rendered":"<p>R\u00e9server 90\u20ac \/ Nuit\u00e9e (petit d\u00e9jeuner inclus) Direction le Sud Ouest\u00a0! Bienvenu au CLOS DU MURIER. Sur la commune de Fongrave, dans le Lot et Garonne, la maison est entour\u00e9e de pruniers, de tournesols et d&rsquo;un \u00a0magnifique murier \u00e2g\u00e9 de 150 ans! Le Clos du Murier est \u00e0 20 min de Villeneuve-sur-Lot, pr\u00e8s du circuit [&hellip;]<\/p>\n","protected":false},"author":1,"featured_media":0,"parent":0,"menu_order":0,"comment_status":"closed","ping_status":"closed","template":"","meta":{"ocean_post_layout":"","ocean_both_sidebars_style":"","ocean_both_sidebars_content_width":0,"ocean_both_sidebars_sidebars_width":0,"ocean_sidebar":"","ocean_second_sidebar":"","ocean_disable_margins":"enable","ocean_add_body_class":"","ocean_shortcode_before_top_bar":"","ocean_shortcode_after_top_bar":"","ocean_shortcode_before_header":"","ocean_shortcode_after_header":"","ocean_has_shortcode":"","ocean_shortcode_after_title":"","ocean_shortcode_before_footer_widgets":"","ocean_shortcode_after_footer_widgets":"","ocean_shortcode_before_footer_bottom":"","ocean_shortcode_after_footer_bottom":"","ocean_display_top_bar":"default","ocean_display_header":"default","ocean_header_style":"","ocean_center_header_left_menu":"","ocean_custom_header_template":"","ocean_custom_logo":0,"ocean_custom_retina_logo":0,"ocean_custom_logo_max_width":0,"ocean_custom_logo_tablet_max_width":0,"ocean_custom_logo_mobile_max_width":0,"ocean_custom_logo_max_height":0,"ocean_custom_logo_tablet_max_height":0,"ocean_custom_logo_mobile_max_height":0,"ocean_header_custom_menu":"","ocean_menu_typo_font_family":"","ocean_menu_typo_font_subset":"","ocean_menu_typo_font_size":0,"ocean_menu_typo_font_size_tablet":0,"ocean_menu_typo_font_size_mobile":0,"ocean_menu_typo_font_size_unit":"px","ocean_menu_typo_font_weight":"","ocean_menu_typo_font_weight_tablet":"","ocean_menu_typo_font_weight_mobile":"","ocean_menu_typo_transform":"","ocean_menu_typo_transform_tablet":"","ocean_menu_typo_transform_mobile":"","ocean_menu_typo_line_height":0,"ocean_menu_typo_line_height_tablet":0,"ocean_menu_typo_line_height_mobile":0,"ocean_menu_typo_line_height_unit":"","ocean_menu_typo_spacing":0,"ocean_menu_typo_spacing_tablet":0,"ocean_menu_typo_spacing_mobile":0,"ocean_menu_typo_spacing_unit":"","ocean_menu_link_color":"","ocean_menu_link_color_hover":"","ocean_menu_link_color_active":"","ocean_menu_link_background":"","ocean_menu_link_hover_background":"","ocean_menu_link_active_background":"","ocean_menu_social_links_bg":"","ocean_menu_social_hover_links_bg":"","ocean_menu_social_links_color":"","ocean_menu_social_hover_links_color":"","ocean_disable_title":"default","ocean_disable_heading":"default","ocean_post_title":"","ocean_post_subheading":"","ocean_post_title_style":"","ocean_post_title_background_color":"","ocean_post_title_background":0,"ocean_post_title_bg_image_position":"","ocean_post_title_bg_image_attachment":"","ocean_post_title_bg_image_repeat":"","ocean_post_title_bg_image_size":"","ocean_post_title_height":0,"ocean_post_title_bg_overlay":0.5,"ocean_post_title_bg_overlay_color":"","ocean_disable_breadcrumbs":"default","ocean_breadcrumbs_color":"","ocean_breadcrumbs_separator_color":"","ocean_breadcrumbs_links_color":"","ocean_breadcrumbs_links_hover_color":"","ocean_display_footer_widgets":"default","ocean_display_footer_bottom":"default","ocean_custom_footer_template":"","footnotes":""},"_links":{"self":[{"href":"https:\/\/closdumurier.fr\/index.php?rest_route=\/wp\/v2\/pages\/64"}],"collection":[{"href":"https:\/\/closdumurier.fr\/index.php?rest_route=\/wp\/v2\/pages"}],"about":[{"href":"https:\/\/closdumurier.fr\/index.php?rest_route=\/wp\/v2\/types\/page"}],"author":[{"embeddable":true,"href":"https:\/\/closdumurier.fr\/index.php?rest_route=\/wp\/v2\/users\/1"}],"replies":[{"embeddable":true,"href":"https:\/\/closdumurier.fr\/index.php?rest_route=%2Fwp%2Fv2%2Fcomments&post=64"}],"version-history":[{"count":82,"href":"https:\/\/closdumurier.fr\/index.php?rest_route=\/wp\/v2\/pages\/64\/revisions"}],"predecessor-version":[{"id":434,"href":"https:\/\/closdumurier.fr\/index.php?rest_route=\/wp\/v2\/pages\/64\/revisions\/434"}],"wp:attachment":[{"href":"https:\/\/closdumurier.fr\/index.php?rest_route=%2Fwp%2Fv2%2Fmedia&parent=64"}],"curies":[{"name":"wp","href":"https:\/\/api.w.org\/{rel}","templated":true}]}}